{"id":3026,"date":"2024-04-01T16:15:30","date_gmt":"2024-04-01T13:15:30","guid":{"rendered":"https:\/\/www.mutfakdostlari.org.tr\/en\/?page_id=3026"},"modified":"2024-05-23T21:21:58","modified_gmt":"2024-05-23T18:21:58","slug":"essedra","status":"publish","type":"page","link":"https:\/\/www.mutfakdostlari.org.tr\/en\/projects\/essedra\/","title":{"rendered":"Essedra"},"content":{"rendered":"\t\t<div data-elementor-type=\"wp-page\" data-elementor-id=\"3026\" class=\"elementor elementor-3026\">\n\t\t\t\t\t\t<section class=\"elementor-section elementor-top-section elementor-element elementor-element-1b63fd0 elementor-section-full_width elementor-section-height-default elementor-section-height-default parallax_section_no qode_elementor_container_no elementor-invisible\" data-id=\"1b63fd0\" data-element_type=\"section\" data-settings=\"{&quot;animation&quot;:&quot;fadeIn&quot;}\">\n\t\t\t\t\t\t<div class=\"elementor-container elementor-column-gap-no\">\n\t\t\t\t\t<div class=\"elementor-column elementor-col-100 elementor-top-column elementor-element elementor-element-8fcf5db\" data-id=\"8fcf5db\" data-element_type=\"column\">\n\t\t\t<div class=\"elementor-widget-wrap elementor-element-populated\">\n\t\t\t\t\t\t<div class=\"elementor-element elementor-element-64656fe elementor-widget__width-initial elementor-widget elementor-widget-image\" data-id=\"64656fe\" data-element_type=\"widget\" data-widget_type=\"image.default\">\n\t\t\t\t<div class=\"elementor-widget-container\">\n\t\t\t\t\t\t\t\t\t\t\t\t\t\t\t<img fetchpriority=\"high\" decoding=\"async\" width=\"1024\" height=\"238\" src=\"https:\/\/www.mutfakdostlari.org.tr\/wp-content\/uploads\/2023\/05\/Esseddraimaj-01-1024x238.png\" class=\"attachment-large size-large wp-image-1164\" alt=\"\" srcset=\"https:\/\/www.mutfakdostlari.org.tr\/wp-content\/uploads\/2023\/05\/Esseddraimaj-01-1024x238.png 1024w, https:\/\/www.mutfakdostlari.org.tr\/wp-content\/uploads\/2023\/05\/Esseddraimaj-01-300x70.png 300w, https:\/\/www.mutfakdostlari.org.tr\/wp-content\/uploads\/2023\/05\/Esseddraimaj-01-768x179.png 768w, https:\/\/www.mutfakdostlari.org.tr\/wp-content\/uploads\/2023\/05\/Esseddraimaj-01-700x163.png 700w, https:\/\/www.mutfakdostlari.org.tr\/wp-content\/uploads\/2023\/05\/Esseddraimaj-01.png 1140w\" sizes=\"(max-width: 1024px) 100vw, 1024px\" \/>\t\t\t\t\t\t\t\t\t\t\t\t\t\t\t<\/div>\n\t\t\t\t<\/div>\n\t\t\t\t\t<\/div>\n\t\t<\/div>\n\t\t\t\t\t<\/div>\n\t\t<\/section>\n\t\t\t\t<section class=\"elementor-section elementor-top-section elementor-element elementor-element-fae112c elementor-section-content-middle elementor-reverse-mobile elementor-section-boxed elementor-section-height-default elementor-section-height-default parallax_section_no qode_elementor_container_no\" data-id=\"fae112c\" data-element_type=\"section\">\n\t\t\t\t\t\t<div class=\"elementor-container elementor-column-gap-no\">\n\t\t\t\t\t<div class=\"elementor-column elementor-col-100 elementor-top-column elementor-element elementor-element-6d26589\" data-id=\"6d26589\" data-element_type=\"column\">\n\t\t\t<div class=\"elementor-widget-wrap elementor-element-populated\">\n\t\t\t\t\t\t<div class=\"elementor-element elementor-element-c30c9ca elementor-widget__width-initial elementor-widget elementor-widget-text-editor\" data-id=\"c30c9ca\" data-element_type=\"widget\" data-widget_type=\"text-editor.default\">\n\t\t\t\t<div class=\"elementor-widget-container\">\n\t\t\t\t\t\t\t\t\t<p><strong>ESSEDRA<\/strong> stands for <strong>&#8220;Environmentally Sustainable Socio-Economic Development of Rural Areas.&#8221;\u00a0<\/strong>Coordinated by Slow Food and co-financed by the Directorate-General for Enlargement of the European Union, the ESSEDRA Project aimed to support the accession process of Balkan countries and T\u00fcrkiye to the European Union.<\/p><p>The Gastronomic Society of T\u00fcrkiye participated as a project partner on behalf of T\u00fcrkiye, alongside nine NGOs from Albania, Bosnia and Herzegovina, Bulgaria, Croatia, Macedonia, Romania, Serbia, and the United Kingdom, under the leadership of Slow Food. ESSEDRA aimed to empower local civil society organizations working on agriculture, rural development, and food quality, while also addressing related issues such as biodiversity conservation, climate change mitigation, and the welfare of local communities. The project, implemented between 2012 and 2016, operated on three interconnected levels:<\/p>\t\t\t\t\t\t\t\t<\/div>\n\t\t\t\t<\/div>\n\t\t\t\t\t<\/div>\n\t\t<\/div>\n\t\t\t\t\t<\/div>\n\t\t<\/section>\n\t\t\t\t<section class=\"elementor-section elementor-top-section elementor-element elementor-element-a243664 elementor-section-boxed elementor-section-height-default elementor-section-height-default parallax_section_no qode_elementor_container_no\" data-id=\"a243664\" data-element_type=\"section\">\n\t\t\t\t\t\t<div class=\"elementor-container elementor-column-gap-default\">\n\t\t\t\t\t<div class=\"elementor-column elementor-col-33 elementor-top-column elementor-element elementor-element-e9cb3d4\" data-id=\"e9cb3d4\" data-element_type=\"column\">\n\t\t\t<div class=\"elementor-widget-wrap elementor-element-populated\">\n\t\t\t\t\t\t<div class=\"elementor-element elementor-element-a3d1add elementor-widget elementor-widget-qi_addons_for_elementor_info_cards\" data-id=\"a3d1add\" data-element_type=\"widget\" data-widget_type=\"qi_addons_for_elementor_info_cards.default\">\n\t\t\t\t<div class=\"elementor-widget-container\">\n\t\t\t\t\t<div class=\"qodef-shortcode qodef-m qodef-qi-info-cards qodef-layout--top qodef-link-overlay qodef--icon-pack\">\n\t\t\t<div class=\"qodef-m-icon-wrapper\">\n\t\t\t\t\t<div class=\"qodef-m-icon-holder\">\n\t\t\t<i aria-hidden=\"true\" class=\"fas fa-seedling\"><\/i>\t\t<\/div>\n\t\t<\/div>\n\t\t<div class=\"qodef-m-content\">\n\t\t\t\t\t\t\t<p class=\"qodef-m-text\">Advocacy activities promoting the role of small-scale farmers in biodiversity conservation; analysis of food system and rural development-related policies, strategic advocacy, and monitoring activities; participation of NGOs from the Balkans and T\u00fcrkiye in sustainable rural development debates in the public sphere and involvement in policy and decision-making processes.<\/p>\n\t<\/div>\n\t\t<\/div>\n\t\t\t\t<\/div>\n\t\t\t\t<\/div>\n\t\t\t\t\t<\/div>\n\t\t<\/div>\n\t\t\t\t<div class=\"elementor-column elementor-col-33 elementor-top-column elementor-element elementor-element-deecbf2\" data-id=\"deecbf2\" data-element_type=\"column\">\n\t\t\t<div class=\"elementor-widget-wrap elementor-element-populated\">\n\t\t\t\t\t\t<div class=\"elementor-element elementor-element-76aab61 elementor-widget elementor-widget-qi_addons_for_elementor_info_cards\" data-id=\"76aab61\" data-element_type=\"widget\" data-widget_type=\"qi_addons_for_elementor_info_cards.default\">\n\t\t\t\t<div class=\"elementor-widget-container\">\n\t\t\t\t\t<div class=\"qodef-shortcode qodef-m qodef-qi-info-cards qodef-layout--top qodef-link-overlay qodef--icon-pack\">\n\t\t\t<div class=\"qodef-m-icon-wrapper\">\n\t\t\t\t\t<div class=\"qodef-m-icon-holder\">\n\t\t\t<i aria-hidden=\"true\" class=\"fas fa-seedling\"><\/i>\t\t<\/div>\n\t\t<\/div>\n\t\t<div class=\"qodef-m-content\">\n\t\t\t\t\t\t\t<p class=\"qodef-m-text\">Support for small-scale food producers, introduction of robust models for biodiversity conservation, and field research on agricultural products at risk of extinction.<\/p>\n\t<\/div>\n\t\t<\/div>\n\t\t\t\t<\/div>\n\t\t\t\t<\/div>\n\t\t\t\t\t<\/div>\n\t\t<\/div>\n\t\t\t\t<div class=\"elementor-column elementor-col-33 elementor-top-column elementor-element elementor-element-2a279b0\" data-id=\"2a279b0\" data-element_type=\"column\">\n\t\t\t<div class=\"elementor-widget-wrap elementor-element-populated\">\n\t\t\t\t\t\t<div class=\"elementor-element elementor-element-9e41fb8 elementor-widget elementor-widget-qi_addons_for_elementor_info_cards\" data-id=\"9e41fb8\" data-element_type=\"widget\" data-widget_type=\"qi_addons_for_elementor_info_cards.default\">\n\t\t\t\t<div class=\"elementor-widget-container\">\n\t\t\t\t\t<div class=\"qodef-shortcode qodef-m qodef-qi-info-cards qodef-layout--top qodef-link-overlay qodef--icon-pack\">\n\t\t\t<div class=\"qodef-m-icon-wrapper\">\n\t\t\t\t\t<div class=\"qodef-m-icon-holder\">\n\t\t\t<i aria-hidden=\"true\" class=\"fas fa-seedling\"><\/i>\t\t<\/div>\n\t\t<\/div>\n\t\t<div class=\"qodef-m-content\">\n\t\t\t\t\t\t\t<p class=\"qodef-m-text\">Continuous communication activities to reach more people, including workshops, training sessions, responsible consumption campaigns, launching the European Citizens&#039; Initiative to support local food consumption, informing about the impact of policies on daily life in the Balkans and T\u00fcrkiye, and engaging in policy-making and implementation processes.<\/p>\n\t<\/div>\n\t\t<\/div>\n\t\t\t\t<\/div>\n\t\t\t\t<\/div>\n\t\t\t\t\t<\/div>\n\t\t<\/div>\n\t\t\t\t\t<\/div>\n\t\t<\/section>\n\t\t\t\t<section class=\"elementor-section elementor-top-section elementor-element elementor-element-5f3d4d4 elementor-section-boxed elementor-section-height-default elementor-section-height-default parallax_section_no qode_elementor_container_no\" data-id=\"5f3d4d4\" data-element_type=\"section\">\n\t\t\t\t\t\t<div class=\"elementor-container elementor-column-gap-default\">\n\t\t\t\t\t<div class=\"elementor-column elementor-col-100 elementor-top-column elementor-element elementor-element-8eaa68e\" data-id=\"8eaa68e\" data-element_type=\"column\">\n\t\t\t<div class=\"elementor-widget-wrap\">\n\t\t\t\t\t\t\t<\/div>\n\t\t<\/div>\n\t\t\t\t\t<\/div>\n\t\t<\/section>\n\t\t\t\t<\/div>\n\t\t","protected":false},"excerpt":{"rendered":"<p>ESSEDRA stands for &#8220;Environmentally Sustainable Socio-Economic Development of Rural Areas.&#8221;\u00a0Coordinated by Slow Food and co-financed by the Directorate-General for Enlargement of the European Union, the ESSEDRA Project aimed to support the accession process of Balkan countries and T\u00fcrkiye to the European Union. The Gastronomic Society of T\u00fcrkiye participated as a project partner on behalf of T\u00fcrkiye, alongside nine NGOs from Albania, Bosnia and Herzegovina, Bulgaria, Croatia, Macedonia, Romania, Serbia, and the United Kingdom, under the leadership of Slow Food. ESSEDRA aimed to empower local civil society organizations working on agriculture, rural development, and food quality, while also addressing related&#8230;<\/p>\n","protected":false},"author":1,"featured_media":0,"parent":3076,"menu_order":0,"comment_status":"closed","ping_status":"closed","template":"","meta":{"footnotes":""},"class_list":["post-3026","page","type-page","status-publish","hentry"],"_links":{"self":[{"href":"https:\/\/www.mutfakdostlari.org.tr\/en\/wp-json\/wp\/v2\/pages\/3026","targetHints":{"allow":["GET"]}}],"collection":[{"href":"https:\/\/www.mutfakdostlari.org.tr\/en\/wp-json\/wp\/v2\/pages"}],"about":[{"href":"https:\/\/www.mutfakdostlari.org.tr\/en\/wp-json\/wp\/v2\/types\/page"}],"author":[{"embeddable":true,"href":"https:\/\/www.mutfakdostlari.org.tr\/en\/wp-json\/wp\/v2\/users\/1"}],"replies":[{"embeddable":true,"href":"https:\/\/www.mutfakdostlari.org.tr\/en\/wp-json\/wp\/v2\/comments?post=3026"}],"version-history":[{"count":19,"href":"https:\/\/www.mutfakdostlari.org.tr\/en\/wp-json\/wp\/v2\/pages\/3026\/revisions"}],"predecessor-version":[{"id":3805,"href":"https:\/\/www.mutfakdostlari.org.tr\/en\/wp-json\/wp\/v2\/pages\/3026\/revisions\/3805"}],"up":[{"embeddable":true,"href":"https:\/\/www.mutfakdostlari.org.tr\/en\/wp-json\/wp\/v2\/pages\/3076"}],"wp:attachment":[{"href":"https:\/\/www.mutfakdostlari.org.tr\/en\/wp-json\/wp\/v2\/media?parent=3026"}],"curies":[{"name":"wp","href":"https:\/\/api.w.org\/{rel}","templated":true}]}}

<div data-elementor-type="wp-page" data-elementor-id="3026" class="elementor elementor-3026">
						<section class="elementor-section elementor-top-section elementor-element elementor-element-1b63fd0 elementor-section-full_width elementor-section-height-default elementor-section-height-default parallax_section_no qode_elementor_container_no elementor-invisible" data-id="1b63fd0" data-element_type="section" data-settings="{&quot;animation&quot;:&quot;fadeIn&quot;}">
						<div class="elementor-container elementor-column-gap-no">
					<div class="elementor-column elementor-col-100 elementor-top-column elementor-element elementor-element-8fcf5db" data-id="8fcf5db" data-element_type="column">
			<div class="elementor-widget-wrap elementor-element-populated">
						<div class="elementor-element elementor-element-64656fe elementor-widget__width-initial elementor-widget elementor-widget-image" data-id="64656fe" data-element_type="widget" data-widget_type="image.default">
				<div class="elementor-widget-container">
															<img fetchpriority="high" decoding="async" width="1024" height="238" src="https://www.mutfakdostlari.org.tr/wp-content/uploads/2023/05/Esseddraimaj-01-1024x238.png" class="attachment-large size-large wp-image-1164" alt="" srcset="https://www.mutfakdostlari.org.tr/wp-content/uploads/2023/05/Esseddraimaj-01-1024x238.png 1024w, https://www.mutfakdostlari.org.tr/wp-content/uploads/2023/05/Esseddraimaj-01-300x70.png 300w, https://www.mutfakdostlari.org.tr/wp-content/uploads/2023/05/Esseddraimaj-01-768x179.png 768w, https://www.mutfakdostlari.org.tr/wp-content/uploads/2023/05/Esseddraimaj-01-700x163.png 700w, https://www.mutfakdostlari.org.tr/wp-content/uploads/2023/05/Esseddraimaj-01.png 1140w" sizes="(max-width: 1024px) 100vw, 1024px" />															</div>
				</div>
					</div>
		</div>
					</div>
		</section>
				<section class="elementor-section elementor-top-section elementor-element elementor-element-fae112c elementor-section-content-middle elementor-reverse-mobile elementor-section-boxed elementor-section-height-default elementor-section-height-default parallax_section_no qode_elementor_container_no" data-id="fae112c" data-element_type="section">
						<div class="elementor-container elementor-column-gap-no">
					<div class="elementor-column elementor-col-100 elementor-top-column elementor-element elementor-element-6d26589" data-id="6d26589" data-element_type="column">
			<div class="elementor-widget-wrap elementor-element-populated">
						<div class="elementor-element elementor-element-c30c9ca elementor-widget__width-initial elementor-widget elementor-widget-text-editor" data-id="c30c9ca" data-element_type="widget" data-widget_type="text-editor.default">
				<div class="elementor-widget-container">
									<p><strong>ESSEDRA</strong> stands for <strong>&#8220;Environmentally Sustainable Socio-Economic Development of Rural Areas.&#8221; </strong>Coordinated by Slow Food and co-financed by the Directorate-General for Enlargement of the European Union, the ESSEDRA Project aimed to support the accession process of Balkan countries and Türkiye to the European Union.</p><p>The Gastronomic Society of Türkiye participated as a project partner on behalf of Türkiye, alongside nine NGOs from Albania, Bosnia and Herzegovina, Bulgaria, Croatia, Macedonia, Romania, Serbia, and the United Kingdom, under the leadership of Slow Food. ESSEDRA aimed to empower local civil society organizations working on agriculture, rural development, and food quality, while also addressing related issues such as biodiversity conservation, climate change mitigation, and the welfare of local communities. The project, implemented between 2012 and 2016, operated on three interconnected levels:</p>								</div>
				</div>
					</div>
		</div>
					</div>
		</section>
				<section class="elementor-section elementor-top-section elementor-element elementor-element-a243664 elementor-section-boxed elementor-section-height-default elementor-section-height-default parallax_section_no qode_elementor_container_no" data-id="a243664" data-element_type="section">
						<div class="elementor-container elementor-column-gap-default">
					<div class="elementor-column elementor-col-33 elementor-top-column elementor-element elementor-element-e9cb3d4" data-id="e9cb3d4" data-element_type="column">
			<div class="elementor-widget-wrap elementor-element-populated">
						<div class="elementor-element elementor-element-a3d1add elementor-widget elementor-widget-qi_addons_for_elementor_info_cards" data-id="a3d1add" data-element_type="widget" data-widget_type="qi_addons_for_elementor_info_cards.default">
				<div class="elementor-widget-container">
					<div class="qodef-shortcode qodef-m qodef-qi-info-cards qodef-layout--top qodef-link-overlay qodef--icon-pack">
			<div class="qodef-m-icon-wrapper">
					<div class="qodef-m-icon-holder">
			<i aria-hidden="true" class="fas fa-seedling"></i>		</div>
		</div>
		<div class="qodef-m-content">
							<p class="qodef-m-text">Advocacy activities promoting the role of small-scale farmers in biodiversity conservation; analysis of food system and rural development-related policies, strategic advocacy, and monitoring activities; participation of NGOs from the Balkans and Türkiye in sustainable rural development debates in the public sphere and involvement in policy and decision-making processes.</p>
	</div>
		</div>
				</div>
				</div>
					</div>
		</div>
				<div class="elementor-column elementor-col-33 elementor-top-column elementor-element elementor-element-deecbf2" data-id="deecbf2" data-element_type="column">
			<div class="elementor-widget-wrap elementor-element-populated">
						<div class="elementor-element elementor-element-76aab61 elementor-widget elementor-widget-qi_addons_for_elementor_info_cards" data-id="76aab61" data-element_type="widget" data-widget_type="qi_addons_for_elementor_info_cards.default">
				<div class="elementor-widget-container">
					<div class="qodef-shortcode qodef-m qodef-qi-info-cards qodef-layout--top qodef-link-overlay qodef--icon-pack">
			<div class="qodef-m-icon-wrapper">
					<div class="qodef-m-icon-holder">
			<i aria-hidden="true" class="fas fa-seedling"></i>		</div>
		</div>
		<div class="qodef-m-content">
							<p class="qodef-m-text">Support for small-scale food producers, introduction of robust models for biodiversity conservation, and field research on agricultural products at risk of extinction.</p>
	</div>
		</div>
				</div>
				</div>
					</div>
		</div>
				<div class="elementor-column elementor-col-33 elementor-top-column elementor-element elementor-element-2a279b0" data-id="2a279b0" data-element_type="column">
			<div class="elementor-widget-wrap elementor-element-populated">
						<div class="elementor-element elementor-element-9e41fb8 elementor-widget elementor-widget-qi_addons_for_elementor_info_cards" data-id="9e41fb8" data-element_type="widget" data-widget_type="qi_addons_for_elementor_info_cards.default">
				<div class="elementor-widget-container">
					<div class="qodef-shortcode qodef-m qodef-qi-info-cards qodef-layout--top qodef-link-overlay qodef--icon-pack">
			<div class="qodef-m-icon-wrapper">
					<div class="qodef-m-icon-holder">
			<i aria-hidden="true" class="fas fa-seedling"></i>		</div>
		</div>
		<div class="qodef-m-content">
							<p class="qodef-m-text">Continuous communication activities to reach more people, including workshops, training sessions, responsible consumption campaigns, launching the European Citizens&#039; Initiative to support local food consumption, informing about the impact of policies on daily life in the Balkans and Türkiye, and engaging in policy-making and implementation processes.</p>
	</div>
		</div>
				</div>
				</div>
					</div>
		</div>
					</div>
		</section>
				<section class="elementor-section elementor-top-section elementor-element elementor-element-5f3d4d4 elementor-section-boxed elementor-section-height-default elementor-section-height-default parallax_section_no qode_elementor_container_no" data-id="5f3d4d4" data-element_type="section">
						<div class="elementor-container elementor-column-gap-default">
					<div class="elementor-column elementor-col-100 elementor-top-column elementor-element elementor-element-8eaa68e" data-id="8eaa68e" data-element_type="column">
			<div class="elementor-widget-wrap">
							</div>
		</div>
					</div>
		</section>
				</div>

<p>ESSEDRA stands for &#8220;Environmentally Sustainable Socio-Economic Development of Rural Areas.&#8221; Coordinated by Slow Food and co-financed by the Directorate-General for Enlargement of the European Union, the ESSEDRA Project aimed to support the accession process of Balkan countries and Türkiye to the European Union. The Gastronomic Society of Türkiye participated as a project partner on behalf of Türkiye, alongside nine NGOs from Albania, Bosnia and Herzegovina, Bulgaria, Croatia, Macedonia, Romania, Serbia, and the United Kingdom, under the leadership of Slow Food. ESSEDRA aimed to empower local civil society organizations working on agriculture, rural development, and food quality, while also addressing related&#8230;</p>
